0). Suppose i - d = 1. Let o(s) = -3*s**i + 0*s - 3*s + s**2. Give o(-2).
-2
Let p(d) = 3*d - 1 - 3 + 3. Determine p(-1).
-4
Let r(x) be the first derivative of -x**3/3 + 5*x**2/2 - 5*x + 5. Calculate r(5).
-5
Let d(z) be the third derivative of z**4/6 - 7*z**3/6 - 15*z**2. Determine d(6).
17
Let r(t) be the second derivative of -t**3/6 + 5*t**2 - t. Let z(g) = -g + 16. Let c be z(11). Give r(c).
5
Let l be 252/(-98) + (-4)/(-7). Let u(h) = 3*h**2 + 3*h. What is u(l)?
6
Let f(x) be the second derivative of -x**5/20 - 5*x**4/12 - x**3/2 - x**2 + 4*x. Calculate f(-4).
-6
Suppose 3*m - 4 = 38. Suppose -5*r = 6 + m. Let h(c) = 6*c**2 - 7*c - 1. Let y(b) = 5*b**2 - 7*b - 1. Let v(d) = 6*h(d) - 7*y(d). Give v(r).
-11
Let q(u) be the first derivative of u**2 - 1. Let x(s) = -s + 6. Let d be x(4). Suppose 8 = -2*b - d*b. What is q(b)?
-4
Suppose 3*z = -z. Let h(o) be the second derivative of o**4/12 + o**3/6 - 5*o**2 + 17*o. Determine h(z).
-10
Let l(q) be the third derivative of q**5/60 + 5*q**4/24 + 15*q**2. Give l(-5).
0
Let k(r) be the second derivative of r**6/180 - r**5/60 - r**4/12 + r. Let o(p) be the third derivative of k(p). Let q = -6 + 8. What is o(q)?
6
Let p(y) be the second derivative of y**5/20 + y**4/12 - y**2/2 + 8*y - 3. Determine p(1).
1
Let u(g) = -4*g**2 + 7*g**2 - 2 - 3*g**2 + g**2 - 5*g. Determine u(5).
-2
Let n(t) = 2*t**2 - 2*t - 1. Let l = -59 - -61. Determine n(l).
3
Let o = -2 + 6. Let y(b) = b**2 - b - 2. Let j(u) = u**3 - 11*u**2 + 8*u + 15. Let i(h) = -j(h) - 6*y(h). What is i(o)?
5
Let k be (15/(-10))/(15/50). Let n(o) = o**3 + 6*o**2 + 7*o + 2. What is n(k)?
-8
Let i(r) = 2*r. Let g(d) = d**2 + 4*d - 77. Let h be g(7). Give i(h).
0
Let o(y) be the third derivative of 1/6*y**4 + 0*y**3 + 0 + 0*y - 1/60*y**5 + 5*y**2. Calculate o(5).
-5
Let s(b) = -b**2 + 2. Let z = -27 - -29. What is s(z)?
-2
Suppose -4*c = 3*w - 7, 4*c - c = -6. Let h(l) = -5 + l**2 - 1 - 7*l - 1 + 2*l. Calculate h(w).
-7
Suppose 0*g = -3*g + 6. Let d(p) = 2*p**2 - 3*p**2 + p**2 + 2*p**g - p + 4*p**3. What is d(1)?
5
Let a(z) = -z**2 - 3*z + 5. Let p = 7 - 11. Give a(p).
1
Suppose -i = -5*s - 10 + 26, -5*i = -s + 32. Let v(w) = -w**2 - 8*w - 5. Determine v(i).
7
Let h(j) = j**2 - 6*j + 7. Let v be h(5). Let m(n) = -v + 0*n - n + 0*n**2 + 2*n**2. Let s be m(2). Let k(t) = t**3 - 4*t**2 + 2*t + 1. What is k(s)?
9
Let b(x) = -6*x**2 + 13*x - 8. Let u(g) = -5*g**2 + 12*g - 7. Let i(p) = -6*b(p) + 7*u(p). Let a = 15 - 8. Suppose a = -5*h - 18. What is i(h)?
-6
Let z(f) = 2*f + 6. Let s(t) = -t. Let w(g) = -3*s(g) - z(g). What is w(0)?
-6
Let r(s) = s - 6. Let h(i) = -i**2 - 9*i - 5. Let t be h(-8). Suppose 0 = -8*l + t*l. Calculate r(l).
-6
Let f = 0 - 0. Suppose 10 = -f*v - 2*v. Let d(h) = h**3 + 4*h**2 - 6*h + 1. Calculate d(v).
6
Let a be 4/2 - (1 + -1). Suppose -5*t = -u - 4*u + 10, 5*u + 4*t = 46. Let j(p) = p**a + 4*p + p - u*p. What is j(0)?
0
Let z(o) = 3*o - 3. Suppose -5 = v + 3*p - 14, v = -5*p + 13. Let x be z(v). Let f(t) = t**2 - 6*t - 5. Give f(x).
-5
Let n(f) = -3*f**2 - f + 2. Suppose -6*k = -2*k. Suppose k = 2*o, 2*q - 2*o = 6*q + 8. Give n(q).
-8
Let f(h) be the third derivative of -h**6/360 - h**4/24 - h**3/6 - 3*h**2. Let n(y) be the first derivative of f(y). Give n(2).
-5
Let n(q) = -2*q**3 - 4*q**2 - 7*q + 1. Let j(a) = -5*a**3 - 8*a**2 - 15*a + 1. Let v(l) = -3*j(l) + 7*n(l). Give v(5).
9
Let y be 35/4 + (-5)/(-20). Let a be 3*(-1 - 6/y). Let k(b) be the third derivative of b**6/120 + b**5/12 + b**4/24 + 7*b**3/6 + b**2. Give k(a).
2
Suppose -7*k - 6 = -27. Let p(a) be the third derivative of 0*a + 1/3*a**3 - 1/24*a**4 + 0 - k*a**2. Calculate p(6).
-4
Let g(o) = -o**2 + 6*o - 3. Suppose 25 + 5 = 5*t. Calculate g(t).
-3
Let v(z) = z + 1. Let g = 93 - 92. What is v(g)?
2
Let k be 114/(-120) - (1 + -2). Let g(b) be the second derivative of 1/2*b**3 + k*b**5 - b + 0 + 1/2*b**2 + 5/12*b**4. Calculate g(-4).
5
Let u(k) = 2*k - 1. Let y be u(3). Let d(a) = 5*a - 8. Let g(s) = -6*s + 9. Let o(n) = y*d(n) + 4*g(n). Give o(0).
-4
Let h(d) = -2*d**2 + 5*d - 2. Suppose 4*b = -0*o + 2*o, 5*o + 4*b - 28 = 0. Give h(o).
-14
Let r(n) = 15*n**3 - 17*n**2 - 11*n - 15. Let f(j) = 7*j**3 - 8*j**2 - 5*j - 7. Let l(u) = -13*f(u) + 6*r(u). Give l(2).
-1
Let l(o) = -o**3 - o**2. Let t(m) = -m**3 - 3*m**2 - m + 2. Let g be t(-3). Suppose b + 0 = 2*p + 3, b = g*p + 9. Determine l(b).
0
Let i(w) be the second derivative of w**5/20 + w**4/12 + w**3/6 - 3*w**2/2 - 5*w - 5. Let u be 1 + (4 - (0 - -1)). Suppose b = -u*b. Give i(b).
-3
Let l(v) = 3*v**2 - 5*v + 3. Let x(g) = -7*g**2 + 11*g - 7. Let h(t) = -5*l(t) - 2*x(t). Let q = 5 - 4. What is h(q)?
1
Let n = -5 + 10. Let v(z) be the third derivative of z**4/24 - z**3/3 + 20*z**2. Determine v(n).
3
Let y(f) be the first derivative of -f**2/2 - 6*f + 5. What is y(-6)?
0
Let l(m) = -6*m**2 + 2*m + 4. Let x(w) = -1. Suppose 10 = -2*o - 0*o + f, 4*f - 20 = 4*o. Let g(c) = o*x(c) - l(c). Let t be (-4)/224*7 - (-9)/8. What is g(t)?
5
Let c(v) be the third derivative of -v**4/12 + v**3/3 + v**2. Let f = -8 - -6. Calculate c(f).
6
Let l = 19 + -15. Let n = -2 + 8. Suppose 0 = -l*v - 2*d - 4, -v - 8 = -2*d + n*d. Let s(q) = q**2 + q - 2. Determine s(v).
-2
Let b(v) be the first derivative of v**4/4 + 2*v**3/3 - 5*v**2/2 - 4*v + 23. Calculate b(-3).
2
Let g = -7 + 12. Let o be g/2 + 3/(-6). Let s(n) = -3 + 3 + 3*n + 2*n**o - 6*n - 4. Determine s(3).
5
Let t(v) = v - 2. Let w be t(4). Suppose 0*n + 16 = -4*i + 5*n, -4 = 4*i - w*n. Let k(j) = j**3 + j**2 - 2*j + 1. Give k(i).
1
Let p(h) = 3*h + 9 + 0*h - 2. Let t(j) = 3*j + 6. Let r = 7 - 1. Let c(w) = r*t(w) - 5*p(w). Give c(-2).
-5
Let u(g) = g - 6. Let w be u(5). Let h be 1/(-2)*2*w. Let q(a) = -6*a + h - a**3 + 0*a + 3*a + a**2. Calculate q(2).
-9
Let t(l) = -l**3 - 6*l**2 - 8. Let p = -19 + 13. What is t(p)?
-8
Let w(m) = -10*m**3 + 25*m**2 - 15*m - 28. Let o(n) = -7*n**3 + 17*n**2 - 10*n - 19. Let j(f) = 7*o(f) - 5*w(f). What is j(5)?
7
Let s(g) = g**3 + 6*g**2 + 5*g + 2. Let n be s(-5). Let k(q) = 0 + q + n - 1. Let a = -13 - -13. Determine k(a).
1
Let n be (-1)/(-4) - (-13)/(-4). Let r be -1 + 4 - (-1)/2*-8. Let j be (4 + n)/(r/(-6)). Let m(c) = c**2 - 6*c - 1. Give m(j).
-1
Let d = -6 - -10. Suppose -2*p = -p + d. Let a(b) be the third derivative of -b**5/60 - b**4/8 + b**3/2 - 13*b**2. Determine a(p).
-1
Let s = -10 - -17. Let w(r) = -r**2 + 7*r + 7. Determine w(s).
7
Let r(a) = -a + 5. Suppose 0 = 8*l - 17*l - 63. Give r(l).
12
Suppose -4*w = -3*k + 3, -5*w + 5 = -k + 17. Let m(s) = s**2 - s - 1. Calculate m(w).
11
Let f(j) be the first derivative of j**3/3 + j**2/2 - 4*j + 2. Give f(0).
-4
Let k(c) = 10*c - 1. Let m(y) = -2*y. Let p(u) = 4*k(u) + 22*m(u). Give p(-3).
8
Suppose 12 = 2*g - 18. Suppose -2*h + 4*n + g = -3*h, 0 = 4*h + n. Let j(b) be the third derivative of -b**4/3 + b**3/6 - b**2. Calculate j(h).
-7
Let x(i) be the third derivative of 0 - 1/2*i**3 + 0*i - 1/24*i**4 + 2*i**2. Determine x(-3).
0
Let k(l) be the first derivative of -l**3/3 - 2*l**2 + l - 18. Suppose -q + 1 = 9. Let w = -13 - q. Determine k(w).
-4
Let u be (-12)/6 + (-2 - (0 - -1)). Let m(x) = x**2 + 2*x - 1. Give m(u).
14
Let k be (-6)/(0 + 1 + -3). Suppose k*q - 2*z - 7 = 0, 0 = -z + 1 - 3. Let c(d) = 2 - d + 3 - q. Determine c(5).
-1
Let g(i) = -5*i**3 + 4*i**2 - i - 3. Let q(o) = 17*o**3 - 12*o**2 + 4*o + 10. Let y(v) = 7*g(v) + 2*q(v). Determine y(4).
3
Let s = 10 - 7. Let i(y) = -4*y**3 + 3*y**3 + s*y - y**2 - 2*y + 2*y**3. Suppose 5*b - b = 8. Calculate i(b).
6
Let t(w) = -2*w**3 + 3*w**2. Let y(u) = 2*u - 2*u + 0*u + u + u**2. Let q be y(1). Give t(q).
-4
Let o(m) = 1 - 49*m**2 - 4 + 48*m**2 + 8*m. Calculate o(7).
4
Let k(l) = -10*l**3 - 2*l**2 - l. Let j = 0 + -1. Let s(x) be the third derivative of -x**4/24 - x**3/3 + x**2. Let y be s(j). Determine k(y).
9
Let b(o) = -o**3 + 9*o**2 + o - 9. Let a(r) = -5*r - 41. Let j be a(-10). Determine b(j).
0
Let l(q) = -q**2 + 6*q - 1. Let r be -2*-5*(-2)/8*-2. Calculate l(r).
4
Let m(r) = 6*r + 1. Let p(z) = -7*z - 1. Let a(w) = 2*m(w) + 3*p(w). Calculate a(-1).
8
Let w(j) = j + 1. Let d be w(-1). Suppose -4*m - 3*r + 36 = -7*r, -2*m - 2*r + 38 = d. Let o = m + -8. Let c(y) = -y**3 + 7*y**2 - 5*y - 8. What is c(o)?
-2
Let w(u) = -u